 - z, -6*z = -2*y - 2*z - w. Determine s(y).
-8
Let u(n) be the third derivative of n**5/15 + n**4/24 - 179*n**2. Let q be (2/(-9))/((-5)/45). Suppose 3*d = -9, 2*d + q*d + 7 = 5*o. What is u(o)?
3
Suppose -340 - 380 = 149*l + 25. Let v(s) = -s + 14. Determine v(l).
19
Let t be (0 + (-4)/6)/(32/(-288)). Let h(k) = -97*k**3 - 2 - 5 + 96*k**3 + 2*k + 6*k + 5*k**2. Give h(t).
5
Let j(s) be the second derivative of -s**4/12 + s**3/2 - s - 276. Determine j(2).
2
Let p(t) = -1 - 5*t + 0*t + 7 + t - t. Determine p(-5).
31
Suppose -4*q + 5 = a + 2*a, 5*q - 5*a = 15. Let k(r) = -12*r**q - 4 + 11*r + 10*r**2 + 1 - 1. Calculate k(7).
-25
Suppose 39*t = 30*t + 144. Let j(c) = c**2 - c + 5. Let d be j(-4). Let s(z) = -5*z**2 - 11*z + t + 4*z**2 - d. Determine s(-7).
19
Let p(z) = 373*z + 338. Let c be p(-1). Let q(x) = -x**2 - 35*x + 5. What is q(c)?
5
Let d(o) = o**2 - 14*o + 6. Let j be 43/((-9890)/368) + (-63)/(-5). What is d(j)?
-27
Let p(f) = f**3 - 2*f**2 + 3*f + 3. Let h(m) = 15*m**2 + 7*m + 6. Let n be h(-2). Let w be 1*8*n/(-208). Give p(w).
-19
Suppose -3*x - 5 = 5*p, -3*x + 0*p = -3*p - 27. Let w = -3 + x. Let d be 1*3 - (w + 1). Let y(h) = -h + 5. Give y(d).
5
Let v(c) = -c - 11. Let p = 549 - 551. Let r(x) = 5*x - 2*x**2 - 3 + 15 + x**2 + x**3 + 2. Let b be r(p). Determine v(b).
-3
Let z = -688 + 388. Let f be (-23)/5 + 18*(-10)/z. Let x(d) = -2*d - 3. What is x(f)?
5
Let i(v) = -2*v**2 - 9*v + 9. Let f(r) = 31*r - 118. Let p be f(11). Let m = -228 + p. Determine i(m).
4
Let w(d) = d + 68. Let m(f) = -80*f - 928. Let h(p) = -m(p) - 6*w(p). Determine h(-7).
2
Let n(x) be the first derivative of -2*x**3/3 - 11*x**2/2 - 13*x + 767. Give n(-6).
-19
Let j(s) = -s**3 + 5*s**2 + 6*s + 4. Suppose -3*c = -8*w + 12*w + 175, 2*c = -4*w - 170. Let z be (w - -34) + 22/2. Determine j(z).
34
Let g(k) = -k**2 + 3*k - 4. Let u(m) = m**2 + 16*m + 19. Let f be u(-11). Let r = f - -40. Suppose 8*c + r = 9*c. Give g(c).
-8
Let o(q) = -2*q + 4. Let p(s) = -3*s + 8. Let g(k) = -5*o(k) + 3*p(k). Let n(x) = -x**2 - 11*x + 60. Suppose -29*v + 25*v = -16. Let f be n(v). Determine g(f).
4
Let l(z) = -z - 5. Let n be l(-7). Let v = 41 + -38. Let a(w) = -2 + 8 - v - 2*w - 2. Determine a(n).
-3
Suppose -3*i = -5*i + 4, 15 = 5*m - 5*i. Let g(r) be the third derivative of -r**5/60 + 5*r**4/12 - 7*r**3/6 - 448*r**2. What is g(m)?
18
Suppose -6*d + 77 = -19. Let c(x) = -x**3 + 15*x**2 + 15*x + 13. Let l be c(d). Let a(f) = f**2 - 2*f + 1 + 6*f + 0*f. What is a(l)?
-2
Let q(h) be the third derivative of -h**6/360 + h**5/30 + 5*h**4/12 + 4*h**2 + 7*h. Let s(i) be the second derivative of q(i). Give s(0).
4
Suppose 0 = 95*r + 299 + 523 - 62. Let o(a) = a**2 - 8*a - 4. Calculate o(r).
124
Let q(v) = -12*v**2 + 6*v**2 + 5*v + 9*v + 1 - 12*v + v**3 - 3. Determine q(6).
10
Let w(x) = x**3 + x - 55. Let s be w(0). Let c = s - -60. Let k(v) = -4 - 5 + 2*v - v**2 + c + 2. Determine k(4).
-10
Suppose 93*q = 100*q - 56. Let u(w) = -q*w**2 + 2 + w**3 - 1 - 2 + 11*w - 19*w. What is u(9)?
8
Suppose 0 = 2*k + k, -2*k = 2*y + 12. Let l = -8 - y. Let v(r) be the first derivative of r**4/4 + r**3/3 - 2*r - 358. What is v(l)?
-6
Let a(m) = -m + 10. Suppose 0 = -3*j + 3*v + 6, -2*j + 5*v + 67 = 66. Suppose -j*w - 3*n = -60, w + 52 = 3*w + 5*n. Determine a(w).
-6
Let z(k) = -k - 6. Let d(f) = -6*f + 51. Let v be d(8). Suppose -51 = v*q - 75. Give z(q).
-14
Let t be -21 + (2 - (4 + -8)). Let u(l) = -3*l**2 - 46*l - 23. Give u(t).
-8
Let r(n) = n**2 - n - 2. Let k = 148 + -147. Let l(j) = -3*j**2 + 2*j + 6. Let t(x) = k*l(x) + 4*r(x). What is t(5)?
13
Suppose -2*r + 4*r + 5*x = 50, 0 = 3*r + x - 62. Suppose -4*v + 16 = r. Let a be ((-5)/(-10))/(v/(-12)). Let c(b) = b**2 - 4*b - 7. Calculate c(a).
5
Suppose 0 = -4*u + 25 - 5. Suppose -5*z = u*v - 35, -2*v + 10 + 0 = 0. Let i(p) = -1. Let w(g) = -4*g + 3. Let a(k) = i(k) + w(k). Calculate a(z).
-6
Let r(x) = 3*x + 4. Let y be (8 - 4) + -9 + 7. Determine r(y).
10
Let a(j) = -j**3 + 2*j**2 + 6*j - 2. Suppose -u - 35 = -3*p, 77*p + 3*u = 81*p - 45. Let c be (-2)/p - (-975)/234. Give a(c).
-10
Suppose -4 = 5*t + 16. Let b(s) = -s**3 + 10*s**2 - 7*s - 8. Let z(c) = c**3 - 10*c**2 + 7*c + 7. Let h(d) = t*b(d) - 3*z(d). Let w = 151 + -142. What is h(w)?
-7
Let q(w) be the first derivative of 17 - 1/6*w**3 - 4*w + 1/2*w**2. Let n(i) be the first derivative of q(i). Calculate n(-2).
3
Let q = 0 + -6. Let i(z) = 1587*z**2 - z - 3. Let x be i(1). Let n(j) = -4 - 5 - 1584*j + x*j + 2. Calculate n(q).
-1
Let s(o) = -o**2 + o + 10. Suppose -2*g = -2, 4*m = g - 6*g + 45. Let f(z) = -z**3 + 6*z**2 + 5*z**2 - 3*z**2 + 19*z + 10. Let b be f(m). What is s(b)?
10
Let c(b) = -7*b + 6. Suppose -7*t = 22*t. Let z be c(t). Let f(o) = -o**3 + 5*o**2 + 6*o + 3. Give f(z).
3
Let k(q) be the second derivative of 1/12*q**4 + 2/3*q**3 - q + 2*q**2 + 0. Let p(j) = j**3 - 20*j**2 + 17*j + 35. Let d be p(19). Determine k(d).
1
Let u(s) be the second derivative of -s**4/4 + 2*s**3/3 - s**2 - 5958*s. Give u(1).
-1
Let z(j) = 4*j**2 - 29*j + 37. Let f be z(12). Let i(a) = f + a - 131 - 127. What is i(5)?
12
Let x(v) = -4*v - 142. Let d(f) = -2*f - 51. Let w(b) = -11*d(b) + 4*x(b). Give w(-14).
-91
Let t(b) = 535 - 10*b - 259 - 6*b**2 - 267. Calculate t(1).
-7
Suppose 5*s - 6 = 14. Suppose -s*d = 5*j + 29, -3*d - 3*j - 19 = d. Let x(i) = -13*i + i - 2*i + 4*i. Calculate x(d).
10
Let r(p) = 10*p + 57. Let d be r(-7). Let b be (-2 + 5)/(d + 16). Let w(a) = 7*a**3 - a**2 - 2*a + 2. What is w(b)?
6
Let q = -180 - -192. Let w = 13 - q. Let v(s) = 15*s**2 - 1. What is v(w)?
14
Let n(m) be the third derivative of m**5/60 + m**4/2 + 23*m**3/6 + 15*m**2 - 14*m + 13. Let g = -28 + 18. Give n(g).
3
Let d(c) be the third derivative of -c**4/12 + 43*c**3/6 + 276*c**2 - 4*c. Determine d(10).
23
Let a be (18/(-12)*7)/(4/16*-6). Let k(q) = -21*q + 144. What is k(a)?
-3
Let v(w) be the first derivative of -w**2 + 7*w + 5930. Let p be (6 - 2) + -1*1. What is v(p)?
1
Let q(m) = -13*m**2 + 392*m + 786. Let n be q(-2). Let l(c) = -c**3 - 51*c**2 - 48*c + 102. Determine l(n).
2
Let j(l) = -11*l + 113. Suppose 3*z - g = 28, 2*z + 56*g - 26 = 53*g. Determine j(z).
3
Let r(b) be the third derivative of 23*b**2 - 1/3*b**3 + 0*b - 1/24*b**4 - 1/40*b**6 - 1/30*b**5 + 0. Calculate r(-2).
16
Let s(c) be the first derivative of -4*c**2 - 18*c - 616. Calculate s(-11).
70
Let v(n) = n**3 + 19*n**2 + 8*n + 3. Let x(r) = r**3 + 27*r**2 + 10*r + 3. Let o(t) = 3*v(t) - 2*x(t). Give o(-2).
-1
Let s(j) = 5*j**3 + 37*j**2 + 67*j + 164. Let m(g) = 3*g**3 + 35*g**2 + 65*g + 165. Let o(y) = 3*m(y) - 2*s(y). Determine o(33).
2
Let f(q) = 7*q**3 + 8*q**2 + 6*q - 18. Let o(a) = 5*a**3 + 6*a**2 + 6*a - 15. Let r(t) = 3*f(t) - 4*o(t). What is r(3)?
15
Let a = -113 + 117. Suppose -5*z = -u - 15, 2*u - 31 + 5 = -a*z. Let w(t) = 3*t - 2. Determine w(z).
10
Let v(x) = -1064*x - x**2 - 1 + 4 + 1060*x. Let p = -11 + 15. Suppose -p*d = 8 + 16. What is v(d)?
-9
Let q(u) = -u - 30. Let g(v) = -2*v + 34. Let x(z) = -3*g(z) - 3*q(z). What is x(-7)?
-75
Let b(j) = 8*j**2 + 3*j + 16. Let i(d) = 18*d**2 + 5*d + 31. Let m(h) = -7*b(h) + 3*i(h). What is m(-4)?
-27
Let x be ((-4)/(-6))/(-14 + 15 + 35/(-45)). Let g(z) = 6*z**2 + 7*z + 4. What is g(x)?
79
Let b(j) = -j - 21. Let p be (2/30*-3)/((-4)/(-340)). Give b(p).
-4
Let f(h) = 2*h**3 + 179*h - 8 - 89*h - 3*h**3 - h**2 + 19 - 91*h. Let j = 3 - 0. Suppose -4*i + j = -9, 5*v + 4*i = 12. Determine f(v).
11
Let b(i) = 13*i**2 - 36*i + 26. Let j(h) = 10*h**2 - 30*h + 25. Let l(v) = -2*b(v) + 3*j(v). Calculate l(4).
15
Suppose 2*l - 151*u - 8 = -153*u, 3*l = -4*u + 13. Let o(b) = 6*b**2 - 5*b. Give o(l).
39
Let u(i) = 59*i**2 - 160*i - 5069. Let b(n) = 11*n**2 - 30*n - 943. Let m(o) = -43*b(o) + 8*u(o). Let r(q) = q**2 - q + 10. Let z be r(0). What is m(z)?
-3
Let t(j) be the second derivative of -4*j + 5/2*j**2 + 0 - 1/6*j**3. Let p = 10 - 3. Determine t(p).
-2
Let s(g) = -18*g - 35. Let v(b) = 25*b + 52. Let i(d) = 7*s(d) + 5*v(d). Let c(t) = 1. Let l(a) = 4*c(a) + i(a). Calculate l(0).
19
Let c be -5 - (-2 + 5) - -3. Let l(w) = 16*w**2 - 13*w**2 - 11*w - 143*w**3 - 5 + 280*w**3 - 136*w**3. What is l(c)?
0
Let c(s) = s**2 + 7*s + 8. Let j be c(-4). Suppose 0 = -3*f + 26 - 14. Let u(r) = -f + 4*r**2 